{"id":724,"date":"2026-02-17T18:44:02","date_gmt":"2026-02-17T17:44:02","guid":{"rendered":"https:\/\/www.3bewegt.de\/physio\/?page_id=724"},"modified":"2026-02-17T18:53:45","modified_gmt":"2026-02-17T17:53:45","slug":"intensivwoche-physiotherapie","status":"publish","type":"page","link":"https:\/\/www.3bewegt.de\/physio\/therapieangebote\/intensivwoche-physiotherapie\/","title":{"rendered":"Intensivwoche"},"content":{"rendered":"<p><div class=\"fusion-fullwidth fullwidth-box fusion-builder-row-1 hundred-percent-fullwidth non-hundred-percent-height-scrolling\" style=\"--awb-border-radius-top-left:0px;--awb-border-radius-top-right:0px;--awb-border-radius-bottom-right:0px;--awb-border-radius-bottom-left:0px;--awb-margin-bottom:30px;--awb-background-color:#d10019;--awb-flex-wrap:wrap;\" ><div class=\"fusion-builder-row fusion-row\"><div class=\"fusion-layout-column fusion_builder_column fusion-builder-column-0 fusion_builder_column_1_1 1_1 fusion-one-full fusion-column-first fusion-column-last\" style=\"--awb-bg-size:cover;--awb-margin-bottom:0px;\"><div class=\"fusion-column-wrapper fusion-column-has-shadow fusion-flex-column-wrapper-legacy\"><div class=\"fusion-title title fusion-title-1 fusion-sep-none fusion-title-center fusion-title-text fusion-title-size-one\" style=\"--awb-margin-bottom:5px;\"><h1 class=\"fusion-title-heading title-heading-center fusion-responsive-typography-calculated\" style=\"margin:0;--fontSize:35;line-height:1.4;\"><h1 style=\"text-align: center;\">NEU! Ab Juni 2026: Intensivwochen mit individueller Planung<\/h1><\/h1><\/div><div class=\"fusion-clearfix\"><\/div><\/div><\/div><\/div><\/div><div class=\"fusion-fullwidth fullwidth-box fusion-builder-row-2 nonhundred-percent-fullwidth non-hundred-percent-height-scrolling\" style=\"--awb-border-radius-top-left:0px;--awb-border-radius-top-right:0px;--awb-border-radius-bottom-right:0px;--awb-border-radius-bottom-left:0px;--awb-padding-top:50px;--awb-flex-wrap:wrap;\" ><div class=\"fusion-builder-row fusion-row\"><div class=\"fusion-layout-column fusion_builder_column fusion-builder-column-1 fusion_builder_column_1_1 1_1 fusion-one-full fusion-column-first fusion-column-last fusion-no-small-visibility fusion-no-medium-visibility\" style=\"--awb-padding-top:20px;--awb-padding-right:120px;--awb-padding-left:120px;--awb-bg-size:cover;--awb-border-color:#f44336;--awb-border-top:0;--awb-border-right:0;--awb-border-bottom:0;--awb-border-left:0;--awb-border-style:solid;\"><div class=\"fusion-column-wrapper fusion-column-has-shadow fusion-flex-column-wrapper-legacy\"><div class=\"fusion-text fusion-text-1\"><p><b>Ab Juni 2026 bieten wir bei 3bewegt regelm\u00e4\u00dfig Intensivwochen mit individueller Therapieplanung f\u00fcr Kinder und ihre Familien an.<\/b><\/p>\n<p>Im Rahmen der Intensivwoche erm\u00f6glichen t\u00e4gliche Therapieeinheiten eine besonders gezielte und effektive Arbeit an individuellen Zielen. Dies schafft Raum f\u00fcr Entwicklungsschritte, f\u00fcr die im regul\u00e4ren Therapiealltag oft nicht gen\u00fcgend Zeit zur Verf\u00fcgung steht. Je nach Bedarf kommen bew\u00e4hrte Therapieans\u00e4tze wie die Behandlung nach Bobath oder Vojta sowie die Galileo-Vibrationstherapie zum Einsatz.<\/p>\n<p>Ein zentraler Bestandteil der Intensivwoche ist die enge Begleitung der Familien. Dazu geh\u00f6ren Elterngespr\u00e4che, eine ausf\u00fchrliche Befunderhebung im Vorfeld sowie ein Follow-up-Gespr\u00e4ch vier Wochen nach Abschluss der Intensivwoche. Zus\u00e4tzlich finden vor und nach der Intensivwoche videogest\u00fctzte Hausbesuche statt, um das h\u00e4usliche Umfeld optimal anzupassen und nachhaltige Fortschritte zu unterst\u00fctzen.<\/p>\n<p>Auf Wunsch kann die Intensivwoche durch erg\u00e4nzende Angebote wie Ergotherapie, Elterncoaching oder Yoga f\u00fcr Eltern und Kinder erweitert werden.<\/p>\n<p>Die aktuelle Studienlage zeigt, dass vor allem die Intensit\u00e4t (z. B. die Anzahl der Wiederholungen) sowie die Spezifit\u00e4t einer Therapie (ziel-, funktions- und aufgabenorientierte Inhalte) ma\u00dfgeblich zum Therapieerfolg beitragen. Intensivwochen schaffen daf\u00fcr besonders gute Bedingungen.<\/p>\n<p><b>Wir freuen uns auf Ihre Anfrage und vereinbaren gerne ein Telefongespr\u00e4ch um weitere Fragen zu kl\u00e4ren. <a href=\"mailto:physio@3bewegt.de\">physio@3bewegt.de<\/a><\/b><\/p>\n<\/div><div class=\"fusion-clearfix\"><\/div><\/div><\/div><div class=\"fusion-layout-column fusion_builder_column fusion-builder-column-2 fusion_builder_column_1_1 1_1 fusion-one-full fusion-column-first fusion-column-last fusion-no-large-visibility\" style=\"--awb-padding-top:10px;--awb-bg-size:cover;--awb-border-color:#f44336;--awb-border-top:0;--awb-border-right:0;--awb-border-bottom:0;--awb-border-left:0;--awb-border-style:solid;\"><div class=\"fusion-column-wrapper fusion-column-has-shadow fusion-flex-column-wrapper-legacy\"><div class=\"fusion-text fusion-text-2\"><p>Asymmetrien im Bereich des Kopfes haben bei S\u00e4uglingen unterschiedliche Ursachen, wie zum Beispiel: die intrauterine Lage des S\u00e4uglings, ein Geburtstrauma durch zu schnelle oder zu lange dauernde Geburt, einseitige Lagerung eventuell bei Aufenthalt im Krankenhaus.<\/p>\n<p>Als Eltern k\u00f6nnen Sie eine Asymmetrie erkennen, wenn Ihr Baby den Kopf deutlich h\u00e4ufiger auf eine Seite dreht, beim Stillen eine Brust deutlich bevorzugt, die Bauchlage \u00fcberhaupt nicht mag und nur auf einer Seite schl\u00e4ft.<\/p>\n<p>Auf keinen Fall sollten Sie versuchen, den Kopf auf die \u201eungeliebte\u201c Seite zu drehen. Berichten Sie ihrem Kinderarzt oder Ihrer Hebamme von Ihren Beobachtungen.<\/p>\n<\/div><div class=\"fusion-clearfix\"><\/div><\/div><\/div><\/div><\/div><div class=\"fusion-fullwidth fullwidth-box fusion-builder-row-3 nonhundred-percent-fullwidth non-hundred-percent-height-scrolling\" style=\"--awb-border-radius-top-left:0px;--awb-border-radius-top-right:0px;--awb-border-radius-bottom-right:0px;--awb-border-radius-bottom-left:0px;--awb-flex-wrap:wrap;\" ><div class=\"fusion-builder-row fusion-row\"><div class=\"fusion-layout-column fusion_builder_column fusion-builder-column-3 fusion_builder_column_1_1 1_1 fusion-one-full fusion-column-first fusion-column-last\" style=\"--awb-bg-size:cover;\"><div class=\"fusion-column-wrapper fusion-column-has-shadow fusion-flex-column-wrapper-legacy\"><div class=\"fusion-aligncenter\"><a class=\"fusion-button button-flat button-large button-default fusion-button-default button-1 fusion-button-default-span \" target=\"_self\" href=\"https:\/\/www.3bewegt.de\/physio\/therapieangebote\/\"><span class=\"fusion-button-text\">Zur\u00fcck zu den Therapieangeboten<\/span><\/a><\/div><div class=\"fusion-clearfix\"><\/div><\/div><\/div><\/div><\/div><div class=\"fusion-fullwidth fullwidth-box fusion-builder-row-4 nonhundred-percent-fullwidth non-hundred-percent-height-scrolling\" style=\"--awb-border-radius-top-left:0px;--awb-border-radius-top-right:0px;--awb-border-radius-bottom-right:0px;--awb-border-radius-bottom-left:0px;--awb-margin-top:20px;--awb-flex-wrap:wrap;\" ><div class=\"fusion-builder-row fusion-row\"><div class=\"fusion-layout-column fusion_builder_column fusion-builder-column-4 fusion_builder_column_1_1 1_1 fusion-one-full fusion-column-first fusion-column-last\" style=\"--awb-bg-size:cover;\"><div class=\"fusion-column-wrapper fusion-column-has-shadow fusion-flex-column-wrapper-legacy\"><div class=\"fusion-image-element fusion-image-align-center in-legacy-container\" style=\"text-align:center;--awb-caption-title-font-family:var(--h2_typography-font-family);--awb-caption-title-font-weight:var(--h2_typography-font-weight);--awb-caption-title-font-style:var(--h2_typography-font-style);--awb-caption-title-size:var(--h2_typography-font-size);--awb-caption-title-transform:var(--h2_typography-text-transform);--awb-caption-title-line-height:var(--h2_typography-line-height);--awb-caption-title-letter-spacing:var(--h2_typography-letter-spacing);\"><div class=\"imageframe-align-center\"><span class=\" fusion-imageframe imageframe-none imageframe-1 hover-type-none\"><img decoding=\"async\" width=\"1900\" height=\"1267\" title=\"Slider_03\" src=\"https:\/\/www.3bewegt.de\/physio\/wp-content\/uploads\/2019\/06\/Slider_03.jpg\" alt class=\"img-responsive wp-image-299\" srcset=\"https:\/\/www.3bewegt.de\/physio\/wp-content\/uploads\/2019\/06\/Slider_03-200x133.jpg 200w, https:\/\/www.3bewegt.de\/physio\/wp-content\/uploads\/2019\/06\/Slider_03-400x267.jpg 400w, https:\/\/www.3bewegt.de\/physio\/wp-content\/uploads\/2019\/06\/Slider_03-600x400.jpg 600w, https:\/\/www.3bewegt.de\/physio\/wp-content\/uploads\/2019\/06\/Slider_03-800x533.jpg 800w, https:\/\/www.3bewegt.de\/physio\/wp-content\/uploads\/2019\/06\/Slider_03-1200x800.jpg 1200w, https:\/\/www.3bewegt.de\/physio\/wp-content\/uploads\/2019\/06\/Slider_03.jpg 1900w\" sizes=\"(max-width: 800px) 100vw, 1900px\" \/><\/span><\/div><\/div><div class=\"fusion-clearfix\"><\/div><\/div><\/div><\/div><\/div><\/p>\n","protected":false},"excerpt":{"rendered":"","protected":false},"author":1,"featured_media":0,"parent":23,"menu_order":0,"comment_status":"closed","ping_status":"closed","template":"100-width.php","meta":{"footnotes":""},"_links":{"self":[{"href":"https:\/\/www.3bewegt.de\/physio\/wp-json\/wp\/v2\/pages\/724"}],"collection":[{"href":"https:\/\/www.3bewegt.de\/physio\/wp-json\/wp\/v2\/pages"}],"about":[{"href":"https:\/\/www.3bewegt.de\/physio\/wp-json\/wp\/v2\/types\/page"}],"author":[{"embeddable":true,"href":"https:\/\/www.3bewegt.de\/physio\/wp-json\/wp\/v2\/users\/1"}],"replies":[{"embeddable":true,"href":"https:\/\/www.3bewegt.de\/physio\/wp-json\/wp\/v2\/comments?post=724"}],"version-history":[{"count":3,"href":"https:\/\/www.3bewegt.de\/physio\/wp-json\/wp\/v2\/pages\/724\/revisions"}],"predecessor-version":[{"id":727,"href":"https:\/\/www.3bewegt.de\/physio\/wp-json\/wp\/v2\/pages\/724\/revisions\/727"}],"up":[{"embeddable":true,"href":"https:\/\/www.3bewegt.de\/physio\/wp-json\/wp\/v2\/pages\/23"}],"wp:attachment":[{"href":"https:\/\/www.3bewegt.de\/physio\/wp-json\/wp\/v2\/media?parent=724"}],"curies":[{"name":"wp","href":"https:\/\/api.w.org\/{rel}","templated":true}]}}