{"id":651,"date":"2023-12-12T14:39:15","date_gmt":"2023-12-12T13:39:15","guid":{"rendered":"http:\/\/www.3bewegt.de\/physio\/?page_id=651"},"modified":"2024-04-30T12:38:17","modified_gmt":"2024-04-30T10:38:17","slug":"ljubov-scheying","status":"publish","type":"page","link":"https:\/\/www.3bewegt.de\/physio\/ueber-uns\/ljubov-scheying\/","title":{"rendered":"Ljubov Scheying"},"content":{"rendered":"<p><div class=\"fusion-fullwidth fullwidth-box fusion-builder-row-1 hundred-percent-fullwidth non-hundred-percent-height-scrolling\" style=\"--awb-border-radius-top-left:0px;--awb-border-radius-top-right:0px;--awb-border-radius-bottom-right:0px;--awb-border-radius-bottom-left:0px;--awb-margin-bottom:30px;--awb-background-color:#d10019;--awb-flex-wrap:wrap;\" ><div class=\"fusion-builder-row fusion-row\"><div class=\"fusion-layout-column fusion_builder_column fusion-builder-column-0 fusion_builder_column_1_1 1_1 fusion-one-full fusion-column-first fusion-column-last\" style=\"--awb-bg-blend:overlay;--awb-bg-size:cover;--awb-margin-bottom:0px;\"><div class=\"fusion-column-wrapper fusion-column-has-shadow fusion-flex-column-wrapper-legacy\"><div class=\"fusion-title title fusion-title-1 fusion-sep-none fusion-title-center fusion-title-text fusion-title-size-one\" style=\"--awb-margin-bottom:5px;\"><h1 class=\"fusion-title-heading title-heading-center fusion-responsive-typography-calculated\" style=\"margin:0;--fontSize:35;line-height:1.4;\"><h1 style=\"text-align: center;\">Ljubov Scheying<\/h1><\/h1><\/div><div class=\"fusion-clearfix\"><\/div><\/div><\/div><\/div><\/div><div class=\"fusion-fullwidth fullwidth-box fusion-builder-row-2 nonhundred-percent-fullwidth non-hundred-percent-height-scrolling fusion-equal-height-columns\" style=\"--awb-border-radius-top-left:0px;--awb-border-radius-top-right:0px;--awb-border-radius-bottom-right:0px;--awb-border-radius-bottom-left:0px;--awb-padding-right:10%;--awb-padding-left:10%;--awb-margin-top:20px;--awb-flex-wrap:wrap;\" ><div class=\"fusion-builder-row fusion-row\"><div class=\"fusion-layout-column fusion_builder_column fusion-builder-column-1 fusion_builder_column_1_3 1_3 fusion-one-third fusion-column-first\" style=\"--awb-bg-blend:overlay;--awb-bg-size:cover;width:33.3333333333%;width:calc(33.3333333333% - ( ( 4% ) * 0.333333333333 ) );margin-right: 4%;\"><div class=\"fusion-column-wrapper fusion-column-has-shadow fusion-flex-column-wrapper-legacy\"><div class=\"fusion-image-element in-legacy-container\" style=\"--awb-max-width:250px;--awb-caption-title-font-family:var(--h2_typography-font-family);--awb-caption-title-font-weight:var(--h2_typography-font-weight);--awb-caption-title-font-style:var(--h2_typography-font-style);--awb-caption-title-size:var(--h2_typography-font-size);--awb-caption-title-transform:var(--h2_typography-text-transform);--awb-caption-title-line-height:var(--h2_typography-line-height);--awb-caption-title-letter-spacing:var(--h2_typography-letter-spacing);\"><span class=\" fusion-imageframe imageframe-none imageframe-1 hover-type-none\"><img decoding=\"async\" width=\"643\" height=\"900\" title=\"3bewegt_2024_DSCF0787_final_web\" src=\"https:\/\/www.3bewegt.de\/physio\/wp-content\/uploads\/2024\/04\/3bewegt_2024_DSCF0787_final_web.jpg\" alt class=\"img-responsive wp-image-666\" srcset=\"https:\/\/www.3bewegt.de\/physio\/wp-content\/uploads\/2024\/04\/3bewegt_2024_DSCF0787_final_web-200x280.jpg 200w, https:\/\/www.3bewegt.de\/physio\/wp-content\/uploads\/2024\/04\/3bewegt_2024_DSCF0787_final_web-400x560.jpg 400w, https:\/\/www.3bewegt.de\/physio\/wp-content\/uploads\/2024\/04\/3bewegt_2024_DSCF0787_final_web-600x840.jpg 600w, https:\/\/www.3bewegt.de\/physio\/wp-content\/uploads\/2024\/04\/3bewegt_2024_DSCF0787_final_web.jpg 643w\" sizes=\"(max-width: 800px) 100vw, 400px\" \/><\/span><\/div><div class=\"fusion-clearfix\"><\/div><\/div><\/div><div class=\"fusion-layout-column fusion_builder_column fusion-builder-column-2 fusion_builder_column_2_3 2_3 fusion-two-third fusion-column-last\" style=\"--awb-bg-blend:overlay;--awb-bg-size:cover;width:66.6666666667%;width:calc(66.6666666667% - ( ( 4% ) * 0.666666666667 ) );\"><div class=\"fusion-column-wrapper fusion-column-has-shadow fusion-flex-column-wrapper-legacy\"><div class=\"fusion-column-content-centered\"><div class=\"fusion-column-content\"><div class=\"fusion-text fusion-text-1\"><h2 class=\"fusion-responsive-typography-calculated\" style=\"--fontsize: 30; line-height: 1.5;\" data-fontsize=\"30\" data-lineheight=\"45px\">Mein Name ist Ljubov Scheying und ich geh\u00f6re seit Oktober 2023 zum 3bewegt Team. Nach der Ausildung zur Physiotherapeutin 1987 habe ich zun\u00e4chst in der Sportphysiotherapie gearbeitet. Meine PNF Ausbildung erm\u00f6glichte mir dann Erfahrungen auch im neurologischen Bereich zu sammeln.<\/h2>\n<p>&nbsp;<\/p>\n<h2 class=\"fusion-responsive-typography-calculated\" style=\"--fontsize: 30; line-height: 1.5;\" data-fontsize=\"30\" data-lineheight=\"45px\">Mit der manuellen Therapie schlie\u00dflich konnte ich meine Kenntnisse<br \/>\nerweitern und habe in diesem Bereich mehrere Jahre lang gearbeitet.<\/h2>\n<h2 data-fontsize=\"30\" data-lineheight=\"45px\"><\/h2>\n<h2 class=\"fusion-responsive-typography-calculated\" style=\"--fontsize: 30; line-height: 1.5;\" data-fontsize=\"30\" data-lineheight=\"45px\">Ich m\u00f6chte hier gerne meine langj\u00e4hrige Erfahrung als Physiotherpeutin zum Wohle der Patienten einsetzen und freue mich ein Teil des 3bewegt Teams zu sein.<\/h2>\n<\/div><\/div><\/div><div class=\"fusion-clearfix\"><\/div><\/div><\/div><\/div><\/div><div class=\"fusion-fullwidth fullwidth-box fusion-builder-row-3 nonhundred-percent-fullwidth non-hundred-percent-height-scrolling fusion-equal-height-columns\" style=\"--awb-border-radius-top-left:0px;--awb-border-radius-top-right:0px;--awb-border-radius-bottom-right:0px;--awb-border-radius-bottom-left:0px;--awb-padding-right:10%;--awb-padding-left:10%;--awb-margin-top:6%;--awb-flex-wrap:wrap;\" ><div class=\"fusion-builder-row fusion-row\"><div class=\"fusion-layout-column fusion_builder_column fusion-builder-column-3 fusion_builder_column_1_2 1_2 fusion-one-half fusion-column-first\" style=\"--awb-bg-blend:overlay;--awb-bg-size:cover;width:50%;width:calc(50% - ( ( 4% ) * 0.5 ) );margin-right: 4%;\"><div class=\"fusion-column-wrapper fusion-column-has-shadow fusion-flex-column-wrapper-legacy\"><div class=\"fusion-text fusion-text-2\"><h2>Zusatzqualifikationen<\/h2>\n<ul>\n<li>Manuelle Therapie<\/li>\n<li>Neurophysiologische Behandlung bei Erwachsenen (PNF)<\/li>\n<li>Manuelle Lymphdrainage nach Dr. Vodder und F\u00f6ldi<\/li>\n<li>Haltungstherapie nach Dr. Br\u00fcgger<\/li>\n<li>Myoathropathien\/CMD des Kiefergelenks<\/li>\n<li>Fu\u00dfreflexzonen-Therapie<\/li>\n<li>Funktionelles Beckenboden-Training<\/li>\n<\/ul>\n<\/div><div class=\"fusion-clearfix\"><\/div><\/div><\/div><div class=\"fusion-layout-column fusion_builder_column fusion-builder-column-4 fusion_builder_column_1_2 1_2 fusion-one-half fusion-column-last\" style=\"--awb-bg-blend:overlay;--awb-bg-size:cover;width:50%;width:calc(50% - ( ( 4% ) * 0.5 ) );\"><div class=\"fusion-column-wrapper fusion-column-has-shadow fusion-flex-column-wrapper-legacy\"><div class=\"fusion-text fusion-text-3\"><h2>Behandlungsschwerpunkte<\/h2>\n<ul>\n<li>Orthop\u00e4dischen Beschwerdebildern: Fu\u00df-, Beinachsenfehlsteingen,<br \/>\nSkoliosen, Rheuma, etc.<\/li>\n<li>Postoperative und posttraumatische Krankheitsbilder des<br \/>\nmusculoskeletalen Systems<\/li>\n<li>Neurologische Krankheitsbilder bei Erwachsenen<\/li>\n<li>Hilfe bei Beckenbodenschw\u00e4che und postpartal<\/li>\n<li>Myoathropathien\/CMD des Kiefergelenks<\/li>\n<\/ul>\n<\/div><div class=\"fusion-clearfix\"><\/div><\/div><\/div><\/div><\/div><\/p>\n","protected":false},"excerpt":{"rendered":"","protected":false},"author":1,"featured_media":0,"parent":19,"menu_order":0,"comment_status":"closed","ping_status":"closed","template":"100-width.php","meta":{"footnotes":""},"_links":{"self":[{"href":"https:\/\/www.3bewegt.de\/physio\/wp-json\/wp\/v2\/pages\/651"}],"collection":[{"href":"https:\/\/www.3bewegt.de\/physio\/wp-json\/wp\/v2\/pages"}],"about":[{"href":"https:\/\/www.3bewegt.de\/physio\/wp-json\/wp\/v2\/types\/page"}],"author":[{"embeddable":true,"href":"https:\/\/www.3bewegt.de\/physio\/wp-json\/wp\/v2\/users\/1"}],"replies":[{"embeddable":true,"href":"https:\/\/www.3bewegt.de\/physio\/wp-json\/wp\/v2\/comments?post=651"}],"version-history":[{"count":6,"href":"https:\/\/www.3bewegt.de\/physio\/wp-json\/wp\/v2\/pages\/651\/revisions"}],"predecessor-version":[{"id":681,"href":"https:\/\/www.3bewegt.de\/physio\/wp-json\/wp\/v2\/pages\/651\/revisions\/681"}],"up":[{"embeddable":true,"href":"https:\/\/www.3bewegt.de\/physio\/wp-json\/wp\/v2\/pages\/19"}],"wp:attachment":[{"href":"https:\/\/www.3bewegt.de\/physio\/wp-json\/wp\/v2\/media?parent=651"}],"curies":[{"name":"wp","href":"https:\/\/api.w.org\/{rel}","templated":true}]}}