{"id":504,"date":"2022-02-11T15:02:45","date_gmt":"2022-02-11T14:02:45","guid":{"rendered":"http:\/\/www.3bewegt.de\/physio\/?page_id=504"},"modified":"2026-03-04T13:22:43","modified_gmt":"2026-03-04T12:22:43","slug":"termine","status":"publish","type":"page","link":"https:\/\/www.3bewegt.de\/physio\/termine\/","title":{"rendered":"Termine"},"content":{"rendered":"<p><div class=\"fusion-fullwidth fullwidth-box fusion-builder-row-1 hundred-percent-fullwidth non-hundred-percent-height-scrolling\" style=\"--awb-border-radius-top-left:0px;--awb-border-radius-top-right:0px;--awb-border-radius-bottom-right:0px;--awb-border-radius-bottom-left:0px;--awb-margin-bottom:30px;--awb-background-color:#d10019;--awb-flex-wrap:wrap;\" ><div class=\"fusion-builder-row fusion-row\"><div class=\"fusion-layout-column fusion_builder_column fusion-builder-column-0 fusion_builder_column_1_1 1_1 fusion-one-full fusion-column-first fusion-column-last\" style=\"--awb-bg-size:cover;--awb-margin-bottom:0px;\"><div class=\"fusion-column-wrapper fusion-column-has-shadow fusion-flex-column-wrapper-legacy\"><div class=\"fusion-title title fusion-title-1 fusion-sep-none fusion-title-center fusion-title-text fusion-title-size-one\" style=\"--awb-margin-bottom:5px;\"><h1 class=\"fusion-title-heading title-heading-center fusion-responsive-typography-calculated\" style=\"margin:0;--fontSize:35;line-height:1.4;\"><h1 style=\"text-align: center;\">TERMINE<\/h1><\/h1><\/div><div class=\"fusion-clearfix\"><\/div><\/div><\/div><\/div><\/div><div class=\"fusion-fullwidth fullwidth-box fusion-builder-row-2 nonhundred-percent-fullwidth non-hundred-percent-height-scrolling\" style=\"--awb-border-radius-top-left:0px;--awb-border-radius-top-right:0px;--awb-border-radius-bottom-right:0px;--awb-border-radius-bottom-left:0px;--awb-flex-wrap:wrap;\" ><div class=\"fusion-builder-row fusion-row\"><div class=\"fusion-layout-column fusion_builder_column fusion-builder-column-1 fusion_builder_column_1_1 1_1 fusion-one-full fusion-column-first fusion-column-last\" style=\"--awb-bg-size:cover;\"><div class=\"fusion-column-wrapper fusion-column-has-shadow fusion-flex-column-wrapper-legacy\"><div class=\"fusion-text fusion-text-1\"><h4>Auf dieser Seite finden Sie eine \u00dcbersicht \u00fcber alle kommenden Veranstaltungen, Vortr\u00e4ge und Workshops zu Themen wie Physiotherapie oder Palliative-Care an verschiedenen Veranstaltungsorten in Deutschland.<\/h4>\n<h4>Mit einem Klick auf die jeweilige Kachel finden Sie weitere Informationen zu den Angeboten.<\/h4>\n<\/div><div class=\"fusion-clearfix\"><\/div><\/div><\/div><\/div><\/div><div class=\"fusion-fullwidth fullwidth-box fusion-builder-row-3 fusion-flex-container nonhundred-percent-fullwidth non-hundred-percent-height-scrolling\" style=\"--awb-border-radius-top-left:0px;--awb-border-radius-top-right:0px;--awb-border-radius-bottom-right:0px;--awb-border-radius-bottom-left:0px;--awb-padding-right:0px;--awb-padding-left:0px;--awb-flex-wrap:wrap;\" ><div class=\"fusion-builder-row fusion-row fusion-flex-align-items-stretch fusion-flex-content-wrap\" style=\"max-width:1248px;margin-left: calc(-4% \/ 2 );margin-right: calc(-4% \/ 2 );\"><div class=\"fusion-layout-column fusion_builder_column fusion-builder-column-2 fusion_builder_column_1_3 1_3 fusion-flex-column fusion-column-inner-bg-wrapper fusion-column-liftup-border\" style=\"--awb-padding-top:10px;--awb-padding-bottom:10px;--awb-inner-bg-color:#d10019;--awb-inner-bg-color-hover:#d10019;--awb-inner-bg-size:cover;--awb-width-large:33.3333333333%;--awb-margin-top-large:0px;--awb-spacing-right-large:5.76%;--awb-margin-bottom-large:20px;--awb-spacing-left-large:5.76%;--awb-width-medium:100%;--awb-order-medium:0;--awb-spacing-right-medium:1.92%;--awb-spacing-left-medium:1.92%;--awb-width-small:100%;--awb-order-small:0;--awb-spacing-right-small:1.92%;--awb-spacing-left-small:1.92%;\"><span class=\"fusion-column-inner-bg hover-type-liftup\"><a class=\"fusion-column-anchor\" href=\"https:\/\/bw.physio-deutschland.de\/regionalverband.html\"><span class=\"fusion-column-inner-bg-image\"><\/span><\/a><\/span><div class=\"fusion-column-wrapper fusion-flex-justify-content-flex-start fusion-content-layout-column\"><div class=\"fusion-title title fusion-title-2 fusion-sep-none fusion-title-text fusion-title-size-two\"><h2 class=\"fusion-title-heading title-heading-left fusion-responsive-typography-calculated\" style=\"margin:0;--fontSize:25;line-height:1.5;\"><h2 style=\"text-align: center;\"><span style=\"color: #ffffff;\">Palliative Care f\u00fcr Ergotherapeut*innen, Logop\u00e4die*innen und Physiotherapeut*innen<\/span><\/h2><\/h2><\/div><div class=\"fusion-separator fusion-full-width-sep\" style=\"align-self: center;margin-left: auto;margin-right: auto;width:100%;\"><div class=\"fusion-separator-border sep-single sep-solid\" style=\"--awb-height:20px;--awb-amount:20px;border-color:#e0dede;border-top-width:1px;\"><\/div><\/div><div class=\"fusion-title title fusion-title-3 fusion-sep-none fusion-title-text fusion-title-size-two\"><h2 class=\"fusion-title-heading title-heading-left fusion-responsive-typography-calculated\" style=\"margin:0;--fontSize:25;line-height:1.5;\"><h3 style=\"text-align: center;\"><span style=\"color: #ffffff;\"><br \/>\n17.-18.04.2026 <\/span><\/h3><\/h2><\/div><div class=\"fusion-title title fusion-title-4 fusion-sep-none fusion-title-text fusion-title-size-two\"><h2 class=\"fusion-title-heading title-heading-left fusion-responsive-typography-calculated\" style=\"margin:0;--fontSize:25;line-height:1.5;\"><h3 style=\"text-align: center;\"><span style=\"color: #ffffff;\">3bewegt Gerlingen<\/span><\/h3><\/h2><\/div><div class=\"fusion-text fusion-text-2\"><p style=\"text-align: center;\"><span style=\"color: #ffffff;\">Die Anmeldung findet \u00fcber den Physio Verband Deutschland statt.<\/span><\/p>\n<\/div><\/div><\/div><div class=\"fusion-layout-column fusion_builder_column fusion-builder-column-3 fusion_builder_column_1_3 1_3 fusion-flex-column fusion-column-inner-bg-wrapper fusion-column-liftup-border\" style=\"--awb-padding-top:10px;--awb-padding-bottom:10px;--awb-inner-bg-color:#d10019;--awb-inner-bg-color-hover:#d10019;--awb-inner-bg-size:cover;--awb-width-large:33.3333333333%;--awb-margin-top-large:0px;--awb-spacing-right-large:5.76%;--awb-margin-bottom-large:20px;--awb-spacing-left-large:5.76%;--awb-width-medium:100%;--awb-order-medium:0;--awb-spacing-right-medium:1.92%;--awb-spacing-left-medium:1.92%;--awb-width-small:100%;--awb-order-small:0;--awb-spacing-right-small:1.92%;--awb-spacing-left-small:1.92%;\"><span class=\"fusion-column-inner-bg hover-type-liftup\"><a class=\"fusion-column-anchor\" href=\"https:\/\/www.ulmkolleg.de\/\"><span class=\"fusion-column-inner-bg-image\"><\/span><\/a><\/span><div class=\"fusion-column-wrapper fusion-flex-justify-content-flex-start fusion-content-layout-column\"><div class=\"fusion-title title fusion-title-5 fusion-sep-none fusion-title-text fusion-title-size-two\"><h2 class=\"fusion-title-heading title-heading-left fusion-responsive-typography-calculated\" style=\"margin:0;--fontSize:25;line-height:1.5;\"><h2 style=\"text-align: center;\"><span style=\"color: #ffffff;\">Palliative Care in der P\u00e4diatrie f\u00fcr Ergo, Logo- und Physiotherapeut*innen<\/span><\/h2><\/h2><\/div><div class=\"fusion-separator fusion-full-width-sep\" style=\"align-self: center;margin-left: auto;margin-right: auto;width:100%;\"><div class=\"fusion-separator-border sep-single sep-solid\" style=\"--awb-height:20px;--awb-amount:20px;border-color:#e0dede;border-top-width:1px;\"><\/div><\/div><div class=\"fusion-title title fusion-title-6 fusion-sep-none fusion-title-text fusion-title-size-two\"><h2 class=\"fusion-title-heading title-heading-left fusion-responsive-typography-calculated\" style=\"margin:0;--fontSize:25;line-height:1.5;\"><h3 style=\"text-align: center;\"><span style=\"color: #ffffff;\">10.-12.07.2026 <\/span><\/h3><\/h2><\/div><div class=\"fusion-title title fusion-title-7 fusion-sep-none fusion-title-text fusion-title-size-two\"><h2 class=\"fusion-title-heading title-heading-left fusion-responsive-typography-calculated\" style=\"margin:0;--fontSize:25;line-height:1.5;\"><h3 style=\"text-align: center;\"><span style=\"color: #ffffff;\">Ulmkolleg Ulm<\/span><\/h3><\/h2><\/div><div class=\"fusion-text fusion-text-3\"><p style=\"text-align: center;\"><span style=\"color: #ffffff;\">Die Anmeldung findet \u00fcber das Ulmkolleg statt.<\/span><\/p>\n<\/div><\/div><\/div><div class=\"fusion-layout-column fusion_builder_column fusion-builder-column-4 fusion_builder_column_1_3 1_3 fusion-flex-column fusion-column-inner-bg-wrapper fusion-column-liftup-border\" style=\"--awb-padding-top:10px;--awb-padding-bottom:10px;--awb-inner-bg-color:#d10019;--awb-inner-bg-color-hover:#d10019;--awb-inner-bg-size:cover;--awb-width-large:33.3333333333%;--awb-margin-top-large:0px;--awb-spacing-right-large:5.76%;--awb-margin-bottom-large:20px;--awb-spacing-left-large:5.76%;--awb-width-medium:100%;--awb-order-medium:0;--awb-spacing-right-medium:1.92%;--awb-spacing-left-medium:1.92%;--awb-width-small:100%;--awb-order-small:0;--awb-spacing-right-small:1.92%;--awb-spacing-left-small:1.92%;\"><span class=\"fusion-column-inner-bg hover-type-liftup\"><a class=\"fusion-column-anchor\" href=\"https:\/\/bw.physio-deutschland.de\/regionalverband.html\"><span class=\"fusion-column-inner-bg-image\"><\/span><\/a><\/span><div class=\"fusion-column-wrapper fusion-flex-justify-content-flex-start fusion-content-layout-column\"><div class=\"fusion-title title fusion-title-8 fusion-sep-none fusion-title-text fusion-title-size-two\"><h2 class=\"fusion-title-heading title-heading-left fusion-responsive-typography-calculated\" style=\"margin:0;--fontSize:25;line-height:1.5;\"><h2 style=\"text-align: center;\"><span style=\"color: #ffffff;\">Palliative Care f\u00fcr Ergotherapeut*innen, Logop\u00e4die*innen und Physiotherapeut*innen<\/span><\/h2><\/h2><\/div><div class=\"fusion-separator fusion-full-width-sep\" style=\"align-self: center;margin-left: auto;margin-right: auto;width:100%;\"><div class=\"fusion-separator-border sep-single sep-solid\" style=\"--awb-height:20px;--awb-amount:20px;border-color:#e0dede;border-top-width:1px;\"><\/div><\/div><div class=\"fusion-title title fusion-title-9 fusion-sep-none fusion-title-text fusion-title-size-two\"><h2 class=\"fusion-title-heading title-heading-left fusion-responsive-typography-calculated\" style=\"margin:0;--fontSize:25;line-height:1.5;\"><h3 style=\"text-align: center;\"><span style=\"color: #ffffff;\"><br \/>\n09.-10.04.2026 <\/span><\/h3><\/h2><\/div><div class=\"fusion-title title fusion-title-10 fusion-sep-none fusion-title-text fusion-title-size-two\"><h2 class=\"fusion-title-heading title-heading-left fusion-responsive-typography-calculated\" style=\"margin:0;--fontSize:25;line-height:1.5;\"><h3 style=\"text-align: center;\"><span style=\"color: #ffffff;\">3bewegt Gerlingen<\/span><\/h3><\/h2><\/div><div class=\"fusion-text fusion-text-4\"><p style=\"text-align: center;\"><span style=\"color: #ffffff;\">Die Anmeldung findet \u00fcber den Physio Verband Deutschland statt.<\/span><\/p>\n<\/div><\/div><\/div><div class=\"fusion-layout-column fusion_builder_column fusion-builder-column-5 fusion_builder_column_1_3 1_3 fusion-flex-column fusion-column-inner-bg-wrapper fusion-column-liftup-border\" style=\"--awb-padding-top:10px;--awb-padding-bottom:10px;--awb-inner-bg-color:#d10019;--awb-inner-bg-color-hover:#d10019;--awb-inner-bg-size:cover;--awb-width-large:33.3333333333%;--awb-margin-top-large:0px;--awb-spacing-right-large:5.76%;--awb-margin-bottom-large:20px;--awb-spacing-left-large:5.76%;--awb-width-medium:100%;--awb-order-medium:0;--awb-spacing-right-medium:1.92%;--awb-spacing-left-medium:1.92%;--awb-width-small:100%;--awb-order-small:0;--awb-spacing-right-small:1.92%;--awb-spacing-left-small:1.92%;\"><span class=\"fusion-column-inner-bg hover-type-liftup\"><a class=\"fusion-column-anchor\" href=\"https:\/\/elisabeth-kuebler-ross-akademie.de\/\"><span class=\"fusion-column-inner-bg-image\"><\/span><\/a><\/span><div class=\"fusion-column-wrapper fusion-flex-justify-content-flex-start fusion-content-layout-column\"><div class=\"fusion-title title fusion-title-11 fusion-sep-none fusion-title-text fusion-title-size-two\"><h2 class=\"fusion-title-heading title-heading-left fusion-responsive-typography-calculated\" style=\"margin:0;--fontSize:25;line-height:1.5;\"><h2 style=\"text-align: center;\"><span style=\"color: #ffffff;\">Palliative Care f\u00fcr Ergotherapeut*innen, Logop\u00e4die*innen und Physiotherapeut*innen<\/span><\/h2><\/h2><\/div><div class=\"fusion-separator fusion-full-width-sep\" style=\"align-self: center;margin-left: auto;margin-right: auto;width:100%;\"><div class=\"fusion-separator-border sep-single sep-solid\" style=\"--awb-height:20px;--awb-amount:20px;border-color:#e0dede;border-top-width:1px;\"><\/div><\/div><div class=\"fusion-title title fusion-title-12 fusion-sep-none fusion-title-text fusion-title-size-two\"><h2 class=\"fusion-title-heading title-heading-left fusion-responsive-typography-calculated\" style=\"margin:0;--fontSize:25;line-height:1.5;\"><h3 style=\"text-align: center;\"><span style=\"color: #ffffff;\">SAVE THE DATE 2026 <br \/> 23.-27.11.2026 <\/span><\/h3><\/h2><\/div><div class=\"fusion-title title fusion-title-13 fusion-sep-none fusion-title-text fusion-title-size-two\"><h2 class=\"fusion-title-heading title-heading-left fusion-responsive-typography-calculated\" style=\"margin:0;--fontSize:25;line-height:1.5;\"><h3 style=\"text-align: center;\"><span style=\"color: #ffffff;\">K\u00fcbler-Ross-Akademie Stuttgart<\/span><\/h3><\/h2><\/div><div class=\"fusion-text fusion-text-5\"><p style=\"text-align: center;\"><span style=\"color: #ffffff;\">Die Anmeldung findet \u00fcber die K\u00fcbler-Ross-Akademie Stuttgart statt.<\/span><\/p>\n<\/div><\/div><\/div><\/div><\/div><\/p>\n","protected":false},"excerpt":{"rendered":"","protected":false},"author":1,"featured_media":0,"parent":0,"menu_order":0,"comment_status":"closed","ping_status":"closed","template":"100-width.php","meta":{"footnotes":""},"_links":{"self":[{"href":"https:\/\/www.3bewegt.de\/physio\/wp-json\/wp\/v2\/pages\/504"}],"collection":[{"href":"https:\/\/www.3bewegt.de\/physio\/wp-json\/wp\/v2\/pages"}],"about":[{"href":"https:\/\/www.3bewegt.de\/physio\/wp-json\/wp\/v2\/types\/page"}],"author":[{"embeddable":true,"href":"https:\/\/www.3bewegt.de\/physio\/wp-json\/wp\/v2\/users\/1"}],"replies":[{"embeddable":true,"href":"https:\/\/www.3bewegt.de\/physio\/wp-json\/wp\/v2\/comments?post=504"}],"version-history":[{"count":55,"href":"https:\/\/www.3bewegt.de\/physio\/wp-json\/wp\/v2\/pages\/504\/revisions"}],"predecessor-version":[{"id":738,"href":"https:\/\/www.3bewegt.de\/physio\/wp-json\/wp\/v2\/pages\/504\/revisions\/738"}],"wp:attachment":[{"href":"https:\/\/www.3bewegt.de\/physio\/wp-json\/wp\/v2\/media?parent=504"}],"curies":[{"name":"wp","href":"https:\/\/api.w.org\/{rel}","templated":true}]}}

<p><div class="fusion-fullwidth fullwidth-box fusion-builder-row-1 hundred-percent-fullwidth non-hundred-percent-height-scrolling" style="--awb-border-radius-top-left:0px;--awb-border-radius-top-right:0px;--awb-border-radius-bottom-right:0px;--awb-border-radius-bottom-left:0px;--awb-margin-bottom:30px;--awb-background-color:#d10019;--awb-flex-wrap:wrap;" ><div class="fusion-builder-row fusion-row"><div class="fusion-layout-column fusion_builder_column fusion-builder-column-0 fusion_builder_column_1_1 1_1 fusion-one-full fusion-column-first fusion-column-last" style="--awb-bg-size:cover;--awb-margin-bottom:0px;"><div class="fusion-column-wrapper fusion-column-has-shadow fusion-flex-column-wrapper-legacy"><div class="fusion-title title fusion-title-1 fusion-sep-none fusion-title-center fusion-title-text fusion-title-size-one" style="--awb-margin-bottom:5px;"><h1 class="fusion-title-heading title-heading-center fusion-responsive-typography-calculated" style="margin:0;--fontSize:35;line-height:1.4;"><h1 style="text-align: center;">TERMINE</h1></h1></div><div class="fusion-clearfix"></div></div></div></div></div><div class="fusion-fullwidth fullwidth-box fusion-builder-row-2 nonhundred-percent-fullwidth non-hundred-percent-height-scrolling" style="--awb-border-radius-top-left:0px;--awb-border-radius-top-right:0px;--awb-border-radius-bottom-right:0px;--awb-border-radius-bottom-left:0px;--awb-flex-wrap:wrap;" ><div class="fusion-builder-row fusion-row"><div class="fusion-layout-column fusion_builder_column fusion-builder-column-1 fusion_builder_column_1_1 1_1 fusion-one-full fusion-column-first fusion-column-last" style="--awb-bg-size:cover;"><div class="fusion-column-wrapper fusion-column-has-shadow fusion-flex-column-wrapper-legacy"><div class="fusion-text fusion-text-1"><h4>Auf dieser Seite finden Sie eine Übersicht über alle kommenden Veranstaltungen, Vorträge und Workshops zu Themen wie Physiotherapie oder Palliative-Care an verschiedenen Veranstaltungsorten in Deutschland.</h4>
<h4>Mit einem Klick auf die jeweilige Kachel finden Sie weitere Informationen zu den Angeboten.</h4>
</div><div class="fusion-clearfix"></div></div></div></div></div><div class="fusion-fullwidth fullwidth-box fusion-builder-row-3 fusion-flex-container nonhundred-percent-fullwidth non-hundred-percent-height-scrolling" style="--awb-border-radius-top-left:0px;--awb-border-radius-top-right:0px;--awb-border-radius-bottom-right:0px;--awb-border-radius-bottom-left:0px;--awb-padding-right:0px;--awb-padding-left:0px;--awb-flex-wrap:wrap;" ><div class="fusion-builder-row fusion-row fusion-flex-align-items-stretch fusion-flex-content-wrap" style="max-width:1248px;margin-left: calc(-4% / 2 );margin-right: calc(-4% / 2 );"><div class="fusion-layout-column fusion_builder_column fusion-builder-column-2 fusion_builder_column_1_3 1_3 fusion-flex-column fusion-column-inner-bg-wrapper fusion-column-liftup-border" style="--awb-padding-top:10px;--awb-padding-bottom:10px;--awb-inner-bg-color:#d10019;--awb-inner-bg-color-hover:#d10019;--awb-inner-bg-size:cover;--awb-width-large:33.3333333333%;--awb-margin-top-large:0px;--awb-spacing-right-large:5.76%;--awb-margin-bottom-large:20px;--awb-spacing-left-large:5.76%;--awb-width-medium:100%;--awb-order-medium:0;--awb-spacing-right-medium:1.92%;--awb-spacing-left-medium:1.92%;--awb-width-small:100%;--awb-order-small:0;--awb-spacing-right-small:1.92%;--awb-spacing-left-small:1.92%;"><span class="fusion-column-inner-bg hover-type-liftup"><a class="fusion-column-anchor" href="https://bw.physio-deutschland.de/regionalverband.html"><span class="fusion-column-inner-bg-image"></span></a></span><div class="fusion-column-wrapper fusion-flex-justify-content-flex-start fusion-content-layout-column"><div class="fusion-title title fusion-title-2 fusion-sep-none fusion-title-text fusion-title-size-two"><h2 class="fusion-title-heading title-heading-left fusion-responsive-typography-calculated" style="margin:0;--fontSize:25;line-height:1.5;"><h2 style="text-align: center;"><span style="color: #ffffff;">Palliative Care für Ergotherapeut*innen, Logopädie*innen und Physiotherapeut*innen</span></h2></h2></div><div class="fusion-separator fusion-full-width-sep" style="align-self: center;margin-left: auto;margin-right: auto;width:100%;"><div class="fusion-separator-border sep-single sep-solid" style="--awb-height:20px;--awb-amount:20px;border-color:#e0dede;border-top-width:1px;"></div></div><div class="fusion-title title fusion-title-3 fusion-sep-none fusion-title-text fusion-title-size-two"><h2 class="fusion-title-heading title-heading-left fusion-responsive-typography-calculated" style="margin:0;--fontSize:25;line-height:1.5;"><h3 style="text-align: center;"><span style="color: #ffffff;"><br />
17.-18.04.2026 </span></h3></h2></div><div class="fusion-title title fusion-title-4 fusion-sep-none fusion-title-text fusion-title-size-two"><h2 class="fusion-title-heading title-heading-left fusion-responsive-typography-calculated" style="margin:0;--fontSize:25;line-height:1.5;"><h3 style="text-align: center;"><span style="color: #ffffff;">3bewegt Gerlingen</span></h3></h2></div><div class="fusion-text fusion-text-2"><p style="text-align: center;"><span style="color: #ffffff;">Die Anmeldung findet über den Physio Verband Deutschland statt.</span></p>
</div></div></div><div class="fusion-layout-column fusion_builder_column fusion-builder-column-3 fusion_builder_column_1_3 1_3 fusion-flex-column fusion-column-inner-bg-wrapper fusion-column-liftup-border" style="--awb-padding-top:10px;--awb-padding-bottom:10px;--awb-inner-bg-color:#d10019;--awb-inner-bg-color-hover:#d10019;--awb-inner-bg-size:cover;--awb-width-large:33.3333333333%;--awb-margin-top-large:0px;--awb-spacing-right-large:5.76%;--awb-margin-bottom-large:20px;--awb-spacing-left-large:5.76%;--awb-width-medium:100%;--awb-order-medium:0;--awb-spacing-right-medium:1.92%;--awb-spacing-left-medium:1.92%;--awb-width-small:100%;--awb-order-small:0;--awb-spacing-right-small:1.92%;--awb-spacing-left-small:1.92%;"><span class="fusion-column-inner-bg hover-type-liftup"><a class="fusion-column-anchor" href="https://www.ulmkolleg.de/"><span class="fusion-column-inner-bg-image"></span></a></span><div class="fusion-column-wrapper fusion-flex-justify-content-flex-start fusion-content-layout-column"><div class="fusion-title title fusion-title-5 fusion-sep-none fusion-title-text fusion-title-size-two"><h2 class="fusion-title-heading title-heading-left fusion-responsive-typography-calculated" style="margin:0;--fontSize:25;line-height:1.5;"><h2 style="text-align: center;"><span style="color: #ffffff;">Palliative Care in der Pädiatrie für Ergo, Logo- und Physiotherapeut*innen</span></h2></h2></div><div class="fusion-separator fusion-full-width-sep" style="align-self: center;margin-left: auto;margin-right: auto;width:100%;"><div class="fusion-separator-border sep-single sep-solid" style="--awb-height:20px;--awb-amount:20px;border-color:#e0dede;border-top-width:1px;"></div></div><div class="fusion-title title fusion-title-6 fusion-sep-none fusion-title-text fusion-title-size-two"><h2 class="fusion-title-heading title-heading-left fusion-responsive-typography-calculated" style="margin:0;--fontSize:25;line-height:1.5;"><h3 style="text-align: center;"><span style="color: #ffffff;">10.-12.07.2026 </span></h3></h2></div><div class="fusion-title title fusion-title-7 fusion-sep-none fusion-title-text fusion-title-size-two"><h2 class="fusion-title-heading title-heading-left fusion-responsive-typography-calculated" style="margin:0;--fontSize:25;line-height:1.5;"><h3 style="text-align: center;"><span style="color: #ffffff;">Ulmkolleg Ulm</span></h3></h2></div><div class="fusion-text fusion-text-3"><p style="text-align: center;"><span style="color: #ffffff;">Die Anmeldung findet über das Ulmkolleg statt.</span></p>
</div></div></div><div class="fusion-layout-column fusion_builder_column fusion-builder-column-4 fusion_builder_column_1_3 1_3 fusion-flex-column fusion-column-inner-bg-wrapper fusion-column-liftup-border" style="--awb-padding-top:10px;--awb-padding-bottom:10px;--awb-inner-bg-color:#d10019;--awb-inner-bg-color-hover:#d10019;--awb-inner-bg-size:cover;--awb-width-large:33.3333333333%;--awb-margin-top-large:0px;--awb-spacing-right-large:5.76%;--awb-margin-bottom-large:20px;--awb-spacing-left-large:5.76%;--awb-width-medium:100%;--awb-order-medium:0;--awb-spacing-right-medium:1.92%;--awb-spacing-left-medium:1.92%;--awb-width-small:100%;--awb-order-small:0;--awb-spacing-right-small:1.92%;--awb-spacing-left-small:1.92%;"><span class="fusion-column-inner-bg hover-type-liftup"><a class="fusion-column-anchor" href="https://bw.physio-deutschland.de/regionalverband.html"><span class="fusion-column-inner-bg-image"></span></a></span><div class="fusion-column-wrapper fusion-flex-justify-content-flex-start fusion-content-layout-column"><div class="fusion-title title fusion-title-8 fusion-sep-none fusion-title-text fusion-title-size-two"><h2 class="fusion-title-heading title-heading-left fusion-responsive-typography-calculated" style="margin:0;--fontSize:25;line-height:1.5;"><h2 style="text-align: center;"><span style="color: #ffffff;">Palliative Care für Ergotherapeut*innen, Logopädie*innen und Physiotherapeut*innen</span></h2></h2></div><div class="fusion-separator fusion-full-width-sep" style="align-self: center;margin-left: auto;margin-right: auto;width:100%;"><div class="fusion-separator-border sep-single sep-solid" style="--awb-height:20px;--awb-amount:20px;border-color:#e0dede;border-top-width:1px;"></div></div><div class="fusion-title title fusion-title-9 fusion-sep-none fusion-title-text fusion-title-size-two"><h2 class="fusion-title-heading title-heading-left fusion-responsive-typography-calculated" style="margin:0;--fontSize:25;line-height:1.5;"><h3 style="text-align: center;"><span style="color: #ffffff;"><br />
09.-10.04.2026 </span></h3></h2></div><div class="fusion-title title fusion-title-10 fusion-sep-none fusion-title-text fusion-title-size-two"><h2 class="fusion-title-heading title-heading-left fusion-responsive-typography-calculated" style="margin:0;--fontSize:25;line-height:1.5;"><h3 style="text-align: center;"><span style="color: #ffffff;">3bewegt Gerlingen</span></h3></h2></div><div class="fusion-text fusion-text-4"><p style="text-align: center;"><span style="color: #ffffff;">Die Anmeldung findet über den Physio Verband Deutschland statt.</span></p>
</div></div></div><div class="fusion-layout-column fusion_builder_column fusion-builder-column-5 fusion_builder_column_1_3 1_3 fusion-flex-column fusion-column-inner-bg-wrapper fusion-column-liftup-border" style="--awb-padding-top:10px;--awb-padding-bottom:10px;--awb-inner-bg-color:#d10019;--awb-inner-bg-color-hover:#d10019;--awb-inner-bg-size:cover;--awb-width-large:33.3333333333%;--awb-margin-top-large:0px;--awb-spacing-right-large:5.76%;--awb-margin-bottom-large:20px;--awb-spacing-left-large:5.76%;--awb-width-medium:100%;--awb-order-medium:0;--awb-spacing-right-medium:1.92%;--awb-spacing-left-medium:1.92%;--awb-width-small:100%;--awb-order-small:0;--awb-spacing-right-small:1.92%;--awb-spacing-left-small:1.92%;"><span class="fusion-column-inner-bg hover-type-liftup"><a class="fusion-column-anchor" href="https://elisabeth-kuebler-ross-akademie.de/"><span class="fusion-column-inner-bg-image"></span></a></span><div class="fusion-column-wrapper fusion-flex-justify-content-flex-start fusion-content-layout-column"><div class="fusion-title title fusion-title-11 fusion-sep-none fusion-title-text fusion-title-size-two"><h2 class="fusion-title-heading title-heading-left fusion-responsive-typography-calculated" style="margin:0;--fontSize:25;line-height:1.5;"><h2 style="text-align: center;"><span style="color: #ffffff;">Palliative Care für Ergotherapeut*innen, Logopädie*innen und Physiotherapeut*innen</span></h2></h2></div><div class="fusion-separator fusion-full-width-sep" style="align-self: center;margin-left: auto;margin-right: auto;width:100%;"><div class="fusion-separator-border sep-single sep-solid" style="--awb-height:20px;--awb-amount:20px;border-color:#e0dede;border-top-width:1px;"></div></div><div class="fusion-title title fusion-title-12 fusion-sep-none fusion-title-text fusion-title-size-two"><h2 class="fusion-title-heading title-heading-left fusion-responsive-typography-calculated" style="margin:0;--fontSize:25;line-height:1.5;"><h3 style="text-align: center;"><span style="color: #ffffff;">SAVE THE DATE 2026 <br /> 23.-27.11.2026 </span></h3></h2></div><div class="fusion-title title fusion-title-13 fusion-sep-none fusion-title-text fusion-title-size-two"><h2 class="fusion-title-heading title-heading-left fusion-responsive-typography-calculated" style="margin:0;--fontSize:25;line-height:1.5;"><h3 style="text-align: center;"><span style="color: #ffffff;">Kübler-Ross-Akademie Stuttgart</span></h3></h2></div><div class="fusion-text fusion-text-5"><p style="text-align: center;"><span style="color: #ffffff;">Die Anmeldung findet über die Kübler-Ross-Akademie Stuttgart statt.</span></p>
</div></div></div></div></div></p>
