{"id":142,"date":"2019-06-21T10:58:01","date_gmt":"2019-06-21T08:58:01","guid":{"rendered":"http:\/\/www.3bewegt.de\/physio\/?page_id=142"},"modified":"2019-07-06T22:02:29","modified_gmt":"2019-07-06T20:02:29","slug":"fussfehlstellungen","status":"publish","type":"page","link":"https:\/\/www.3bewegt.de\/physio\/therapieangebote\/fussfehlstellungen\/","title":{"rendered":"Fu\u00dffehlstellungen"},"content":{"rendered":"<p><div class=\"fusion-fullwidth fullwidth-box fusion-builder-row-1 hundred-percent-fullwidth non-hundred-percent-height-scrolling\" style=\"--awb-border-radius-top-left:0px;--awb-border-radius-top-right:0px;--awb-border-radius-bottom-right:0px;--awb-border-radius-bottom-left:0px;--awb-margin-bottom:30px;--awb-background-color:#d10019;--awb-flex-wrap:wrap;\" ><div class=\"fusion-builder-row fusion-row\"><div class=\"fusion-layout-column fusion_builder_column fusion-builder-column-0 fusion_builder_column_1_1 1_1 fusion-one-full fusion-column-first fusion-column-last\" style=\"--awb-bg-size:cover;--awb-margin-bottom:0px;\"><div class=\"fusion-column-wrapper fusion-column-has-shadow fusion-flex-column-wrapper-legacy\"><div class=\"fusion-title title fusion-title-1 fusion-sep-none fusion-title-center fusion-title-text fusion-title-size-one\" style=\"--awb-margin-bottom:5px;\"><h1 class=\"fusion-title-heading title-heading-center fusion-responsive-typography-calculated\" style=\"margin:0;--fontSize:35;line-height:1.4;\"><h1 style=\"text-align: center;\">Fu\u00dffehlstellungen<\/h1><\/h1><\/div><div class=\"fusion-clearfix\"><\/div><\/div><\/div><\/div><\/div><div class=\"fusion-fullwidth fullwidth-box fusion-builder-row-2 nonhundred-percent-fullwidth non-hundred-percent-height-scrolling\" style=\"--awb-border-radius-top-left:0px;--awb-border-radius-top-right:0px;--awb-border-radius-bottom-right:0px;--awb-border-radius-bottom-left:0px;--awb-flex-wrap:wrap;\" ><div class=\"fusion-builder-row fusion-row\"><div class=\"fusion-layout-column fusion_builder_column fusion-builder-column-1 fusion_builder_column_1_1 1_1 fusion-one-full fusion-column-first fusion-column-last fusion-no-small-visibility fusion-no-medium-visibility\" style=\"--awb-padding-top:50px;--awb-padding-right:120px;--awb-padding-left:120px;--awb-bg-size:cover;\"><div class=\"fusion-column-wrapper fusion-column-has-shadow fusion-flex-column-wrapper-legacy\"><div class=\"fusion-text fusion-text-1\"><p>Der\u00a0<strong>Klump\u2013 oder Sichelfu\u00df<\/strong>\u00a0wird in der Regel in der Klinik oder vom Kinderarzt bei der U2-Untersuchung festgestellt. Es f\u00e4llt auf, dass der S\u00e4ugling das betroffene F\u00fc\u00dfchen wenig nach au\u00dfen und oben bewegen kann. In der Regel hatte der S\u00e4ugling intrauterin wenig Platz und konnte die F\u00fc\u00dfchen nicht entsprechend bewegen. Wichtig ist eine fr\u00fchzeitige Behandlung um Sp\u00e4tfolgen zu vermeiden. In der Therapie werden den Eltern Techniken gezeigt um die fehlende Bewegung zu initiieren.<\/p>\n<p>Beginnt ihr Kind frei zu gehen, so ist die Fu\u00dfstellung zu Beginn oft noch etwas nach innen oder au\u00dfen gerichtet. Auch ein \u201eO-beiniges\u201c Gehen ist bis zum Kindergartenalter normal. Sollte ihr Kind jedoch \u00fcber Fu\u00dfschmerzen klagen, ungern Laufen oder beim Rennen sehr viel Stolpern, ist es sinnvoll den Kinderarzt oder Orthop\u00e4de darauf anzusprechen. In der Regel ist aktives \u00dcben sinnvoller als die Versorgung mit Einlagen. \u2028Eine gesunde Fu\u00dfentwicklung f\u00f6rdern Sie indem Sie Ihr Kind barfu\u00df oder mit Stoppersocken gehen lassen. Feste Schuhe ben\u00f6tigt Ihr Kind erst, wenn es im Freien sicher geht.<\/p>\n<p>Individuelle Unterschiede sind normal. Sollten Sie sich Gedanken bez\u00fcglich der motorischen Entwicklung Ihres Babys machen, so sprechen Sie bitte Ihren Kinderarzt darauf an.<\/p>\n<\/div><div class=\"fusion-clearfix\"><\/div><\/div><\/div><div class=\"fusion-layout-column fusion_builder_column fusion-builder-column-2 fusion_builder_column_1_1 1_1 fusion-one-full fusion-column-first fusion-column-last fusion-no-large-visibility\" style=\"--awb-padding-top:10px;--awb-bg-size:cover;\"><div class=\"fusion-column-wrapper fusion-column-has-shadow fusion-flex-column-wrapper-legacy\"><div class=\"fusion-text fusion-text-2\"><p>Der\u00a0<strong>Klump\u2013 oder Sichelfu\u00df<\/strong>\u00a0wird in der Regel in der Klinik oder vom Kinderarzt bei der U2-Untersuchung festgestellt. Es f\u00e4llt auf, dass der S\u00e4ugling das betroffene F\u00fc\u00dfchen wenig nach au\u00dfen und oben bewegen kann. In der Regel hatte der S\u00e4ugling intrauterin wenig Platz und konnte die F\u00fc\u00dfchen nicht entsprechend bewegen. Wichtig ist eine fr\u00fchzeitige Behandlung um Sp\u00e4tfolgen zu vermeiden. In der Therapie werden den Eltern Techniken gezeigt um die fehlende Bewegung zu initiieren.<\/p>\n<p>Beginnt ihr Kind frei zu gehen, so ist die Fu\u00dfstellung zu Beginn oft noch etwas nach innen oder au\u00dfen gerichtet. Auch ein \u201eO-beiniges\u201c Gehen ist bis zum Kindergartenalter normal. Sollte ihr Kind jedoch \u00fcber Fu\u00dfschmerzen klagen, ungern Laufen oder beim Rennen sehr viel Stolpern, ist es sinnvoll den Kinderarzt oder Orthop\u00e4de darauf anzusprechen. In der Regel ist aktives \u00dcben sinnvoller als die Versorgung mit Einlagen. \u2028Eine gesunde Fu\u00dfentwicklung f\u00f6rdern Sie indem Sie Ihr Kind barfu\u00df oder mit Stoppersocken gehen lassen. Feste Schuhe ben\u00f6tigt Ihr Kind erst, wenn es im Freien sicher geht.<\/p>\n<p>Individuelle Unterschiede sind normal. Sollten Sie sich Gedanken bez\u00fcglich der motorischen Entwicklung Ihres Babys machen, so sprechen Sie bitte Ihren Kinderarzt darauf an.<\/p>\n<\/div><div class=\"fusion-clearfix\"><\/div><\/div><\/div><\/div><\/div><div class=\"fusion-fullwidth fullwidth-box fusion-builder-row-3 nonhundred-percent-fullwidth non-hundred-percent-height-scrolling\" style=\"--awb-border-radius-top-left:0px;--awb-border-radius-top-right:0px;--awb-border-radius-bottom-right:0px;--awb-border-radius-bottom-left:0px;--awb-flex-wrap:wrap;\" ><div class=\"fusion-builder-row fusion-row\"><div class=\"fusion-layout-column fusion_builder_column fusion-builder-column-3 fusion_builder_column_1_1 1_1 fusion-one-full fusion-column-first fusion-column-last\" style=\"--awb-bg-size:cover;\"><div class=\"fusion-column-wrapper fusion-column-has-shadow fusion-flex-column-wrapper-legacy\"><div class=\"fusion-aligncenter\"><a class=\"fusion-button button-flat button-large button-default fusion-button-default button-1 fusion-button-default-span \" target=\"_self\" href=\"https:\/\/www.3bewegt.de\/physio\/therapieangebote\/\"><span class=\"fusion-button-text\">Zur\u00fcck zu den Therapieangeboten<\/span><\/a><\/div><div class=\"fusion-clearfix\"><\/div><\/div><\/div><\/div><\/div><\/p>\n","protected":false},"excerpt":{"rendered":"","protected":false},"author":1,"featured_media":0,"parent":23,"menu_order":0,"comment_status":"closed","ping_status":"closed","template":"100-width.php","meta":{"footnotes":""},"_links":{"self":[{"href":"https:\/\/www.3bewegt.de\/physio\/wp-json\/wp\/v2\/pages\/142"}],"collection":[{"href":"https:\/\/www.3bewegt.de\/physio\/wp-json\/wp\/v2\/pages"}],"about":[{"href":"https:\/\/www.3bewegt.de\/physio\/wp-json\/wp\/v2\/types\/page"}],"author":[{"embeddable":true,"href":"https:\/\/www.3bewegt.de\/physio\/wp-json\/wp\/v2\/users\/1"}],"replies":[{"embeddable":true,"href":"https:\/\/www.3bewegt.de\/physio\/wp-json\/wp\/v2\/comments?post=142"}],"version-history":[{"count":4,"href":"https:\/\/www.3bewegt.de\/physio\/wp-json\/wp\/v2\/pages\/142\/revisions"}],"predecessor-version":[{"id":349,"href":"https:\/\/www.3bewegt.de\/physio\/wp-json\/wp\/v2\/pages\/142\/revisions\/349"}],"up":[{"embeddable":true,"href":"https:\/\/www.3bewegt.de\/physio\/wp-json\/wp\/v2\/pages\/23"}],"wp:attachment":[{"href":"https:\/\/www.3bewegt.de\/physio\/wp-json\/wp\/v2\/media?parent=142"}],"curies":[{"name":"wp","href":"https:\/\/api.w.org\/{rel}","templated":true}]}}